-a*b + 245 = 3*b. What are the prime factors of b?
5, 7
Let r(s) = s**3 + 4*s**2 - 3*s - 2. Let d be r(-4). Suppose -4*x = x - d. Suppose x*b + 5 - 41 = 0. What are the prime factors of b?
2, 3
Suppose -11*c + 20 = -6*c. Suppose -5*j + c = 9. Let p = j - -8. List the prime factors of p.
7
Let k be 1 - -1 - (-7 - (6 + -15)). Suppose k = 12*d - 9*d - 273. List the prime factors of d.
7, 13
Let o(g) = g**3 - 17*g**2 + 15*g + 19. Let v be o(16). Suppose 5*r - 4*p = -v*p + 277, 5*p - 295 = -5*r. List the prime factors of r.
2, 7
Suppose 10 = -2*v + 4*v. Suppose 20 = v*o + h, 4*o - 3*h + 7*h = 32. Suppose -53 = -s - o*j + 5*j, 5 = -5*j. List the prime factors of s.
3, 17
Let q be (-2)/40*-5 + 19/4. Let n = 92 + q. What are the prime factors of n?
97
Suppose -10847 = -8*a + 27721. List the prime factors of a.
3, 1607
Let k be 0 + 0 + 16 + 0. Let d(c) = -c**2 - 18*c - 66. Let i be d(-14). List the prime factors of (k + i)/((-3)/(-16)).
2
Suppose 0*o = 19*o - 56620. What are the prime factors of o?
2, 5, 149
Let k be (118*(-2)/4)/(-1). Suppose -5 = 2*u - k. What are the prime factors of u?
3
Suppose -t - 2*r + 5618 = 2*t, 7468 = 4*t - 3*r. What are the prime factors of t?
2, 5, 11, 17
Suppose -13*v = -4440 - 16061. What are the prime factors of v?
19, 83
Let b(w) = w - 2. Let y be b(-1). What are the prime factors of 14/y*102/(-4)?
7, 17
Suppose 171 + 181 = -4*h. Let b be h/14 - 18/(-63). Let u = b - -33. What are the prime factors of u?
3
Let m be (-59)/(-7) + 12/21. Suppose m*c = 280 + 179. What are the prime factors of c?
3, 17
Suppose -3*t + 180 = g, g - 220 = -5*t + 10*t. List the prime factors of g.
3, 5, 13
Suppose 0 = -s - s. Suppose 0 = -s*m - m - 2. What are the prime factors of 1101/27 + m/(-9)?
41
Suppose -q = -7*q + 2052. What are the prime factors of q?
2, 3, 19
Let w(c) = -c**2 - 8*c - 4. Let k be w(-7). Suppose 2*n = k*n. Suppose n*p - 5*p + 120 = 0. What are the prime factors of p?
2, 3
Suppose -i = 4*i + 5*h + 150, 5*h = 4*i + 165. Let x be (i/(-10))/(1/2). Let t = 1 + x. What are the prime factors of t?
2
What are the prime factors of 12/10 - 3048/(-60)?
2, 13
Suppose -l + 0*c + 5*c = 13, l + c - 11 = 0. Suppose -4*b = -l*b + 99. What are the prime factors of b?
3, 11
Let l = -92 - -1372. List the prime factors of l.
2, 5
Let q(i) be the second derivative of -77*i**5/20 - i**4/6 - i**3/2 - i**2 + 21*i. List the prime factors of q(-1).
2, 19
Let r(x) = -7*x**2 + 8*x + 27. Let z(y) = 3*y**2 - 4*y - 14. Let i(g) = -4*r(g) - 7*z(g). Let s be i(7). Suppose 8*m - 3*m = s. What are the prime factors of m?
61
Let t be (3/(-15))/((-2)/10)*239. Let l = 498 - t. List the prime factors of l.
7, 37
What are the prime factors of (1 - -2)*26838/71?
2, 3, 7
What are the prime factors of (7654/(-172))/(2/(-140))?
5, 7, 89
Let f = -1297 - -1903. What are the prime factors of f?
2, 3, 101
Let k(x) = -x - 9. Let a be k(-12). Let c(t) = t**2 + 4*t + 9. Let i be c(-9). Suppose m + 2*q - i = 0, 0 = -2*m - 0*q + a*q + 129. List the prime factors of m.
2, 3, 5
Suppose -10*p + 1863 = -9*p. What are the prime factors of p?
3, 23
Let f = 2310 + -1601. What are the prime factors of f?
709
Let l be (13 - 35/5)/((-4)/(-214)). Suppose z = -0*z + 232. Suppose -7*v + z = -l. What are the prime factors of v?
79
Let y be -4 - 72/(-20) - 156/(-15). List the prime factors of (y + -6)/(6/219).
2, 73
Let q(f) be the third derivative of 5*f**4/12 - 11*f**3/6 + 12*f**2. What are the prime factors of q(8)?
3, 23
What are the prime factors of (-2)/(-1*(-5)/(-90) + 0)?
2, 3
Let g(x) = -5*x**3 - 3*x**2 + 4*x + 11. Let a = 9 - 10. Let t(w) = -w**3 - w**2. Let f(v) = a*g(v) + 4*t(v). List the prime factors of f(5).
3, 23
List the prime factors of (14/(-21))/((-12)/11934).
3, 13, 17
List the prime factors of ((-1)/(-4))/(((-34)/5672)/(-17)).
709
What are the prime factors of 9046/12 + 629/102 + -6?
2, 13, 29
Let l(u) = 13*u + 7. Let m(y) = -y - 8*y - 4 + 2*y. Let n(h) = 3*l(h) + 5*m(h). What are the prime factors of n(3)?
13
Let u be (0 + 0)/((-4)/2). Let b be (3 - u) + (-4)/4. List the prime factors of 6 + -3 + 0 + b.
5
Let f(c) = -3*c**3 + 3*c**2 - 6*c + 5. Let x be f(3). What are the prime factors of (1 + x)/((-2)/3)?
3, 11
Let k(j) = 19*j - 5. Let v be (6/(-4))/((-6)/12). List the prime factors of k(v).
2, 13
Suppose 15 = 5*m, 4*x - 4*m = 9*x + 1218. Let v = -42 - x. List the prime factors of v.
2, 3, 17
Let i be 30*5/(-1)*-1. Suppose 3*k + i = 5*a + 7*k, -3*k = 4*a - 121. Suppose -a = -3*t - 10. What are the prime factors of t?
2
Let w be (-2 + 4/(-4))/(-1). Let v be 1 + w*2/2. Suppose -v*q = -5 - 27. What are the prime factors of q?
2
Suppose 0 - 2 = 2*l + 4*b, 4*l - 4*b - 20 = 0. Suppose 0*s + 24 = 4*s - 2*i, -24 = -4*s - l*i. Let a = 4 + s. List the prime factors of a.
2, 5
Let r(j) = -2*j - 7. Let w be r(4). Let k = 30 + w. Suppose k*t - 19*t + 104 = 0. What are the prime factors of t?
2, 13
Suppose 3*q - 1631 = 3*s + 265, q - 4*s - 638 = 0. List the prime factors of q.
2, 3, 5, 7
Suppose d - 115 = 4*w, d - 2*d - 2*w + 133 = 0. Suppose -d - 207 = -2*f. What are the prime factors of f?
167
Let v be ((-963)/27)/(((-14)/(-12))/(-7)). Let k = v + -41. List the prime factors of k.
173
Let a be (64/(-48))/(2/(-30)). Suppose -16*u = -a*u + 168. What are the prime factors of u?
2, 3, 7
Suppose 2*m = 2*d + 3*d - 6110, 2*m = 3*d - 3662. List the prime factors of d.
2, 3, 17
Let s be 4 + ((-2)/(-1) - 8). Let d = 2 - s. Suppose 0 = -4*z + 5*c + 189, d*c + 17 = -3. List the prime factors of z.
41
Suppose 40*u - 1358 = 39*u - 2*r, -4*u + 2*r + 5412 = 0. List the prime factors of u.
2, 677
Suppose 2*k - 8*k + 48 = 0. Let n(t) = -t**3 + 8*t**2 + 8. What are the prime factors of n(k)?
2
Let x(p) be the first derivative of -4*p**2 + 5*p - 16. List the prime factors of x(-14).
3, 13
What are the prime factors of (42/30)/(-7) + 2421/5?
2, 11
Let z(f) = 0 + 2 - 9 + 10*f**2 - 10*f - 6*f**2. What are the prime factors of z(-6)?
197
What are the prime factors of (72/40)/(9/1965)?
3, 131
Let j(q) = q**3 - 8*q**2 - q + 6. Let b be j(8). What are the prime factors of b + (-20)/(-9) + 5043/27?
11, 17
Let j(h) = 712*h**3 - h**2 + h + 1. List the prime factors of j(1).
23, 31
Suppose -2*b = b + 2*p - 2404, -4*p - 1592 = -2*b. List the prime factors of b.
2, 5
Let o(q) = -2*q**3 + 15*q**2 - 8*q + 6. Let l(j) = -2*j**3 + 15*j**2 - 8*j + 7. Let h(i) = 4*l(i) - 5*o(i). List the prime factors of h(7).
5
Let n(g) = 4*g**3 - 4*g**2 + 4*g - 6. Let z be n(4). Suppose z = 3*r - 4*v, -2*r = 2*v - 0*v - 130. What are the prime factors of r?
2, 3, 11
Let l(n) = 36 - 54 - 30*n + 32. What are the prime factors of l(-8)?
2, 127
Let d be (-3 - -1 - 0) + 818. Suppose 0*l + d = 4*l. List the prime factors of l.
2, 3, 17
Suppose 27 = 4*f + 5*f. What are the prime factors of (28/(-21)*f)/(2/(-40))?
2, 5
Let p(u) = u**3 - 5*u**2 - 2*u - 11. Let b be p(8). Suppose 4*h - l = 80 + b, -4*l = -5*h + 298. What are the prime factors of h?
2, 31
Suppose -3 - 1 = 2*x - 4*d, d + 27 = 4*x. List the prime factors of x.
2
Let w be (3 + -1)/(4/(-10)). Let r(s) = 7*s - 4762 - s**3 + 4768 - 5*s**2 + 4*s**2 + 0*s**3. What are the prime factors of r(w)?
71
Suppose 13*v = 6*v + 2366. What are the prime factors of v?
2, 13
Suppose 8*t - 16*t + 976 = 0. Suppose -2*o - 42 + t = 0. List the prime factors of o.
2, 5
Let y(f) = 5*f**2 - f + 2. Let v(a) = 20*a**2 - 5*a + 9. Let l(b) = -2*v(b) + 9*y(b). List the prime factors of l(1).
2, 3
Suppose 4*a = 3*m - 594, 0*a = 5*m + 4*a - 958. Suppose 0*o - 3*o + m = -z, 62 = o + z. What are the prime factors of o?
2
Let r(t) = t**2 + 7*t - 3. Let y be r(-7). Let q = -4 - y. What are the prime factors of 3 - q*(6 - -1)?
2, 5
Let r(w) = -w**3 + 36*w**2 - 88*w - 22. List the prime factors of r(33).
11, 31
Let l(y) = 2*y + 6. Let f be l(0). Suppose -f = -v + 3. What are the prime factors of v?
3
Let c be -1 - (3/(-6)*8 - -1). Suppose 5*o - 3*q - 749 = 0, 163 = -o + c*o - 5*q. List the prime factors of o.
2, 37
What are the prime factors of 3 - -245 - (10 + -4)?
2, 11
Let q(u) = -u**3 - 2*u**2 + 14*u + 1185. What are the prime factors of q(0)?
3, 5, 79
Let r = -9 - -12. Suppose -l - 112 = r*l. Let f = 51 + l. List the prime factors of f.
23
Suppose 0 = -x - 3*p + 256, -6*p + p + 507 = 2*x. Suppose -4*g - t